{"id":4333,"date":"2026-05-02T10:24:03","date_gmt":"2026-05-02T07:24:03","guid":{"rendered":"http:\/\/cidst.recherches.gov.mg\/?page_id=4333"},"modified":"2026-05-02T10:24:03","modified_gmt":"2026-05-02T07:24:03","slug":"rsm","status":"publish","type":"page","link":"http:\/\/cidst.recherches.gov.mg\/?page_id=4333","title":{"rendered":"RSM"},"content":{"rendered":"<p class=\"pf0\"><strong><span class=\"cf0\">REVUE SCIENTIFIQUE DE MADAGASCAR<\/span><\/strong><\/p>\n<p class=\"pf0\"><strong><span class=\"cf0\">PREMIERE PLATEFORME NATIONALE D\u2019EDITION ELECTRONIQUE DE MADAGASCAR<\/span><\/strong><\/p>\n<p class=\"pf0\"><span class=\"cf0\"><strong>RSM<\/strong>\u00a0ou\u00a0<strong>Revue Scientifique de Madagascar<\/strong>\u00a0est une revue \u00e9lectronique \u00e9dit\u00e9e de mani\u00e8re semestrielle par le\u00a0<strong>Centre de Documentation d\u2019Information Scientifique et Technique<\/strong>\u00a0(<strong>CIDST<\/strong>), rattach\u00e9 \u00e0 la Direction G\u00e9n\u00e9rale de la Recherche Scientifique (<strong>DGRS<\/strong>), au sein du\u00a0<strong>Minist\u00e8re de l\u2019Enseignement Sup\u00e9rieur et de la Recherche Scientifique<\/strong>\u00a0(<strong>MESUPRES<\/strong>).<\/span><\/p>\n<p class=\"pf0\"><span class=\"cf0\">Il offre aux enseignants\u00a0<\/span><span class=\"cf1\">\u2013 aux chercheurs et aux\u00a0<\/span><span class=\"cf0\">\u00e9tudiants un service de publication scientifique num\u00e9rique reconnue par le\u00a0<strong>MESUPRES<\/strong>. L\u2019\u00e9dition est assur\u00e9e par des jeunes techniciens du\u00a0<strong>CIDST<\/strong>. Les r\u00e9dacteur(trice)s en chef et les \u00e9valuateurs (ou reviewers) sont compos\u00e9s de Professeurs et de Professeurs titulaires b\u00e9n\u00e9voles Malagasy, de renomm\u00e9e internationale et garanti(e)s d\u2019un bon niveau scientifique des articles).<\/span><\/p>\n<p class=\"pf0\"><span class=\"cf0\">Les publications de recherches scientifiques et d&rsquo;\u00e9tudes acad\u00e9miques dispose d\u2019un num\u00e9ro international normalis\u00e9 des publications en s\u00e9rie et traite quatre domaines \u00e0 savoir :<\/span><\/p>\n<p class=\"pf0\"><span class=\"cf0\">&#8211; S\u00e9rie Sciences Biologiques (ISSN\u00a0 en cours) ;<\/span><\/p>\n<p class=\"pf0\"><span class=\"cf0\">&#8211; S\u00e9rie Sciences de l\u2019Homme et Soci\u00e9t\u00e9 (ISSN\u00a0 en cours) ;<\/span><\/p>\n<p class=\"pf0\"><span class=\"cf0\">&#8211; S\u00e9rie Sciences Technologiques (ISSN\u00a0 en cours)) ;<\/span><\/p>\n<p class=\"pf0\"><span class=\"cf0\">&#8211; S\u00e9rie M\u00e9decine (ISSN\u00a0 en cours)<\/span><\/p>\n<p class=\"pf0\"><span class=\"cf0\">RSM exige des travaux originaux qui n\u2019ont jamais fait l\u2019objet de publication, avec des m\u00e9thodologies scientifiques solides, et des r\u00e9sultats qui datent 2 ans avant la date de publication.<\/span><\/p>\n<p class=\"pf0\"><span class=\"cf0\">Selon le D\u00e9cret N\u00b087.145 du 05 Mai 1987 portant cr\u00e9ation et organisation du Centre d\u2019Information et de Documentation Scientifique et Technique (CIDST), modifi\u00e9 par le d\u00e9cret N\u00b02015-1402 portant r\u00e9organisation du Centre d\u2019Information et de Documentation Scientifique et Technique (CIDST) du 21 D\u00e9cembre 2015 :<\/span><\/p>\n<p class=\"pf0\"><span class=\"cf0\">Article 20 : Le D\u00e9partement \u00ab Valorisation des r\u00e9sultats de recherche et Edition \u00bb a dans ses attributions :<\/span><\/p>\n<p class=\"pf0\"><span class=\"cf1\">L\u2019<\/span><span class=\"cf0\">\u00e9dition des travaux de chercheurs et des publications du Minist\u00e8re charg\u00e9 de la Recherche Scientifique ;<\/span><\/p>\n<p class=\"pf0\"><span class=\"cf1\">Le service des\u00a0<\/span><span class=\"cf0\">\u00e9changes internationaux ;<\/span><\/p>\n<p class=\"pf0\"><span class=\"cf0\">La diffusion commerciale de ses propres publications ou des publications scientifiques et techniques d\u2019autres organismes faisant appel \u00e0 ses services.<\/span><\/p>\n","protected":false},"excerpt":{"rendered":"<p>REVUE SCIENTIFIQUE DE MADAGASCAR PREMIERE PLATEFORME NATIONALE D\u2019EDITION ELECTRONIQUE DE MADAGASCAR RSM\u00a0ou\u00a0Revue Scientifique de Madagascar\u00a0est&#8230;<\/p>\n","protected":false},"author":1,"featured_media":0,"parent":0,"menu_order":0,"comment_status":"closed","ping_status":"closed","template":"","meta":[],"_links":{"self":[{"href":"http:\/\/cidst.recherches.gov.mg\/index.php?rest_route=\/wp\/v2\/pages\/4333"}],"collection":[{"href":"http:\/\/cidst.recherches.gov.mg\/index.php?rest_route=\/wp\/v2\/pages"}],"about":[{"href":"http:\/\/cidst.recherches.gov.mg\/index.php?rest_route=\/wp\/v2\/types\/page"}],"author":[{"embeddable":true,"href":"http:\/\/cidst.recherches.gov.mg\/index.php?rest_route=\/wp\/v2\/users\/1"}],"replies":[{"embeddable":true,"href":"http:\/\/cidst.recherches.gov.mg\/index.php?rest_route=%2Fwp%2Fv2%2Fcomments&post=4333"}],"version-history":[{"count":1,"href":"http:\/\/cidst.recherches.gov.mg\/index.php?rest_route=\/wp\/v2\/pages\/4333\/revisions"}],"predecessor-version":[{"id":4334,"href":"http:\/\/cidst.recherches.gov.mg\/index.php?rest_route=\/wp\/v2\/pages\/4333\/revisions\/4334"}],"wp:attachment":[{"href":"http:\/\/cidst.recherches.gov.mg\/index.php?rest_route=%2Fwp%2Fv2%2Fmedia&parent=4333"}],"curies":[{"name":"wp","href":"https:\/\/api.w.org\/{rel}","templated":true}]}}